 List the prime factors of h(-12).
2, 3, 19
What are the prime factors of (-2)/(-5) + 240/25?
2, 5
List the prime factors of 2 + 26 - (2 + -2).
2, 7
Let h be 119/4 - (-2)/8. Suppose 2*p - 4*z + 10 = 0, 6*p - 5*z + 8 = 2*p. Suppose 0 = 2*g + p*g - h. What are the prime factors of g?
2, 3
Suppose 13*t - 895 = 8*t. List the prime factors of t.
179
Let y = 1 + 4. Suppose 2*s - 2*a - 20 = -a, y*a = 20. Suppose 0 = 2*q - s - 2. What are the prime factors of q?
7
Suppose 0 = -3*u + 4*p + 63, 2*u - u - 21 = -p. What are the prime factors of u?
3, 7
Let i(w) = 2*w**2 - 13*w + 17. Let t(l) = 3*l**2 - 20*l + 25. Let v(g) = 7*i(g) - 5*t(g). List the prime factors of v(7).
2
Let z(u) = u**2 + 4*u + 2. Let l be z(-4). Suppose 5*m + l = 17. What are the prime factors of m?
3
List the prime factors of (-3 - -1)/((-4)/22).
11
Let j = 26 + -24. List the prime factors of j.
2
Let y(h) = h**3 - 3*h**2 + h - 2. Let i be y(3). Let t(q) = 4*q + 1. Let o be t(i). Suppose 0 = -x + o - 1. List the prime factors of x.
2
Let v = 15 - -45. Suppose -6*d + 2*d = -2*k + v, -d - 26 = -k. What are the prime factors of k?
2, 11
Let l(h) = -55*h - 5. What are the prime factors of l(-5)?
2, 3, 5
Let i = -59 - -86. List the prime factors of i.
3
Suppose -4*q + 240 = 2*l, -6*l - 8 = -10*l. List the prime factors of q.
59
Let y = -23 - -35. Suppose 6*u - 2*u - y = 0. List the prime factors of u.
3
Let v(s) = -6*s - 1. Suppose 5*i - 4*b = -4, 5*b + 12 = -2*i - 16. What are the prime factors of v(i)?
23
Let y(q) = -3*q - 1. Let d(p) = p**3 - 5*p**2 + 4*p - 1. Let g be d(4). List the prime factors of y(g).
2
Let a(n) be the second derivative of n**5/20 - n**4/4 - n**3/6 + n**2 - 3*n. Let b be a(3). Let i = 4 + b. What are the prime factors of i?
3
Let v(w) be the third derivative of -w**4/24 - w**3/3 + 2*w**2. Let b be v(-2). Suppose f + z = 2*f + 1, -5*f + z + 11 = b. List the prime factors of f.
3
Let k(h) = h**3 + 8*h**2 + 9*h + 21. Let c be k(-7). Let a(u) be the third derivative of u**5/60 - u**4/3 + 3*u**3/2 - u**2. List the prime factors of a(c).
2
Suppose -4*s - 66 = -5*s. List the prime factors of s.
2, 3, 11
Let i(b) = b + 1. Let k be i(0). Suppose 2*z + 12 = 42. List the prime factors of ((-10)/z)/(k/(-15)).
2, 5
Suppose 0*p - 2*p + 6 = 0. Let k be (-9)/p - (-74 - -1). Suppose -4*t + 2 = -k. What are the prime factors of t?
2, 3
Let n be ((-5 - -3) + 1)*-8. Let q be (0 + 2)/(4/10). Suppose -q*t = -t - n. What are the prime factors of t?
2
Suppose -2*t + 20 = -0*t. Let v = 16 - t. What are the prime factors of v?
2, 3
Let r(b) = b + 1. Let f(h) = -5*h**2 + h + 1. Let u(p) = -f(p) + r(p). List the prime factors of u(-1).
5
Let j(l) = l**2 - l + 24. Let w = -3 + 3. What are the prime factors of j(w)?
2, 3
Suppose h + 15 = -4*h. Let c = h + 35. List the prime factors of c.
2
Suppose -146 = -2*m - 3*t, -5*m + 4*t = 5*t - 339. List the prime factors of m.
67
Let y be ((-4)/(-8))/(1/6). Suppose -g + 17 = -y. List the prime factors of g.
2, 5
Let j(y) be the third derivative of y**5/20 + 7*y**4/24 + 2*y**3 + 6*y**2. List the prime factors of j(-4).
2
Let u = 83 - 42. What are the prime factors of u?
41
Let a = -259 + 470. List the prime factors of a.
211
Suppose -445 = 62*j - 67*j. List the prime factors of j.
89
Suppose 0 = 5*m - 3*p - 1064, -2*m + 418 = -9*p + 4*p. List the prime factors of m.
2, 107
Let n be (-3)/(((-4)/10)/(-2)). List the prime factors of 6/n + (-92)/(-5).
2, 3
What are the prime factors of 1/((-3)/(-45)) - 0?
3, 5
Let f be 1/(3/(-2) + 2). Suppose f*a - 60 = 4*y, 111 = 4*a + y - 6*y. What are the prime factors of a?
2, 3
Suppose -4*p + 60 = -p. What are the prime factors of p?
2, 5
Let f(d) be the third derivative of d**6/120 + d**5/10 + d**4/6 + 2*d**2. Suppose 4*r + 0*w + 20 = -4*w, 0 = 3*r - 3*w + 15. List the prime factors of f(r).
5
Let k = 25 + 3. List the prime factors of k.
2, 7
Let o = 5 + -4. Let l be (-1)/(-2)*(-1 + o). Suppose l = -m - 3*m + 28. What are the prime factors of m?
7
Let j be (-16)/(-6)*(27 + 3). Let k = -31 + j. What are the prime factors of k?
7
Let p = -28 - -59. What are the prime factors of p?
31
Let f = -101 + 180. List the prime factors of f.
79
Let m = -1 - -6. Let g(n) = -6*n**3 + 10*n**2 + 9*n - 1. Let h(l) = -l**3 + l**2 + l + 1. Let v(c) = g(c) - 5*h(c). List the prime factors of v(m).
2, 7
Let x(a) be the first derivative of -a**4/4 - a**2 + a - 1. List the prime factors of x(-2).
13
Let m = 162 + -3. What are the prime factors of m?
3, 53
Let o be (12 - (1 - 2)) + -1. Suppose t + 2 = -o. Let d = -1 - t. List the prime factors of d.
13
Let a be 0 + (-10 - (1 - -2)). Let t = -37 + 56. Let x = t + a. What are the prime factors of x?
2, 3
Suppose 0*l - 5*f + 37 = -2*l, f = l + 14. Let w = -6 - l. What are the prime factors of w?
5
Suppose g - 4*b = 16, -2*b + 3*b = 4*g - 19. Suppose g*t - 16 = 120. What are the prime factors of t?
2, 17
Suppose 2*h + 5*q - 36 = h, -5*h - 4*q = -264. List the prime factors of h.
2, 7
Suppose -13 - 31 = -g. Suppose 3*t = -t + g. List the prime factors of t.
11
Let a = -2 - -11. Suppose -y = 2*x - 4*y - a, 2*x - 2*y = 8. Suppose 22 = x*j + 7. List the prime factors of j.
5
Suppose 3*a - 215 = -2*a. Suppose 5*h + 13 = a. Suppose h - 2 = 2*t. What are the prime factors of t?
2
Let n be 2/6*(3 + -6). Let q = n - -6. Suppose -13 = 4*y - q*y. List the prime factors of y.
13
Suppose -2 = 3*n - 8. Suppose 3*q - 3*l = 198, 0 = -4*q - n*l - 3*l + 273. Suppose 4*v - q = -19. List the prime factors of v.
2, 3
Suppose 29*v - 324 = 28*v. List the prime factors of v.
2, 3
Suppose -18 - 26 = -4*j. Let n be (j/(-3))/(3/9). Let g = n - -19. List the prime factors of g.
2
Let h be (-3)/(-18) + 29/6. Suppose 18 = 3*g - 2*g + 3*r, 50 = 3*g + h*r. What are the prime factors of g?
3, 5
Suppose 0 = -2*d - 5*w + 15, -5*d = -8*d - w + 3. Suppose -6*g + 2*g + 52 = d. List the prime factors of g.
13
Let k(z) be the first derivative of 10*z**3/3 + z**2/2 + z - 3. Let q be k(-1). Let u = 18 - q. What are the prime factors of u?
2
Let u = 1 - -2. What are the prime factors of (1 - -4) + u/1?
2
Let z(r) = 2*r - 5. Let v(d) = -2*d + 1. Let p be v(-2). Let j be z(p). What are the prime factors of ((-6)/j)/((-2)/10)?
2, 3
Let n = -57 + 99. List the prime factors of n.
2, 3, 7
List the prime factors of (-262)/((1 + -2)*(-1 + 3)).
131
Let r(c) = 4*c - 3. Let x be r(2). Suppose v - k - 3 = -2*v, -2*v + k = -3. Suppose -8 = -2*s + 2*m, s + x*m - 2*m + 4 = v. List the prime factors of s.
2
Let h = -38 + 84. Suppose 22 + h = 4*l. What are the prime factors of l?
17
Let c(m) = -2*m**3 - m**2 - 3. List the prime factors of c(-2).
3
Let o be (-19)/(-2) - (-9)/(-6). Let i = o - -8. List the prime factors of i.
2
Let q(a) = 4*a - 5. List the prime factors of q(15).
5, 11
Suppose 0*t - 1 = -t + k, 2*t - 23 = -5*k. Suppose -t*b - 5*y = -112, -4*b + 73 = -4*y - 39. Suppose b = 5*a - 27. List the prime factors of a.
11
Let v = 284 - 536. List the prime factors of (-4)/(-10) + v/(-45).
2, 3
Suppose t + 0*t = 45. List the prime factors of t.
3, 5
Suppose 7*h + 2*h = 1512. What are the prime factors of h?
2, 3, 7
Suppose -9 = 3*p - 27. Suppose -w = -p*w + 155. Let d = w - 19. List the prime factors of d.
2, 3
Let u = 8 - 13. Let d = -5 - u. Suppose -2*h - 34 = -3*c - d*c, 2*h - 30 = -5*c. What are the prime factors of c?
2
Let z be 0/(-2) + 2 + -3. Let n(u) = 4*u**2 + 1. What are the prime factors of n(z)?
5
Suppose 16 = -i - i. Let o = -4 - i. List the prime factors of (3/o)/1*12.
3
Let m be 10/(1*(-3)/(-6)). Let l = -30 + m. Let z(a) = a**3 + 10*a**2 - a - 7. List the prime factors of z(l).
3
Suppose 0 = -3*p + 8 + 4. Suppose -4 = -p*a + 8. Suppose -4*v - z + 50 = 0, 4*v - 38 = 2*z + a*z. List the prime factors of v.
2, 3
Let v(y) = -y - 4. Let s be v(-7). Let r be 1*(s - 2) - 6. List the prime factors of 10/4*(-16)/r.
2
Suppose 4*r = -17 - 19. What are the prime factors of 215/1*r/(-45)?
43
Let l(r) = -r**3 + 8*r**2 - 7*r - 2. Let n be l(7). List the prime factors of (-3 + -7)*n/1.
2, 5
Let j = 47 + -19. Suppose -5*a + j = y - 3*y, -4*a = 4*y - 28. What are the prime factors of a?
2, 3
Let i be 6 - (4 + (-3 - -1)). Suppose 0*v + v = i*o - 28, 5*o - 4*v - 24 = 0. Let s = -1 + o. What are the prime factors of s?
7
Let h = 47 - 41. List the pr